y 105.
104
Calculate the remainder when 68 is divided by 24.
20
Calculate the remainder when 273 is divided by 58.
41
What is the remainder when 234 is divided by 60?
54
What is the remainder when 148 is divided by 50?
48
What is the remainder when 1091 is divided by 84?
83
Calculate the remainder when 201 is divided by 167.
34
Calculate the remainder when 148 is divided by 80.
68
Calculate the remainder when 269 is divided by 266.
3
Calculate the remainder when 1759 is divided by 305.
234
Calculate the remainder when 1164 is divided by 285.
24
What is the remainder when 359 is divided by 97?
68
What is the remainder when 349 is divided by 16?
13
Calculate the remainder when 206 is divided by 11.
8
What is the remainder when 976 is divided by 20?
16
What is the remainder when 195 is divided by 49?
48
What is the remainder when 583 is divided by 84?
79
Calculate the remainder when 658 is divided by 12.
10
What is the remainder when 1965 is divided by 1945?
20
Calculate the remainder when 6041 is divided by 3013.
15
What is the remainder when 1448 is divided by 89?
24
Calculate the remainder when 268 is divided by 45.
43
What is the remainder when 767 is divided by 64?
63
What is the remainder when 498 is divided by 85?
73
Calculate the remainder when 15357 is divided by 24.
21
Calculate the remainder when 225 is divided by 20.
5
Calculate the remainder when 883 is divided by 100.
83
Calculate the remainder when 1084 is divided by 71.
19
What is the remainder when 469 is divided by 47?
46
Calculate the remainder when 872 is divided by 35.
32
Calculate the remainder when 467 is divided by 60.
47
Calculate the remainder when 11 is divided by 3.
2
What is the remainder when 421 is divided by 36?
25
Calculate the remainder when 1524 is divided by 191.
187
Calculate the remainder when 1330 is divided by 45.
25
What is the remainder when 484 is divided by 61?
57
Calculate the remainder when 680 is divided by 36.
32
Calculate the remainder when 369 is divided by 37.
36
Calculate the remainder when 212 is divided by 9.
5
Calculate the remainder when 568 is divided by 26.
22
Calculate the remainder when 2521 is divided by 626.
17
What is the remainder when 1711 is divided by 122?
3
What is the remainder when 170 is divided by 34?
0
What is the remainder when 403 is divided by 58?
55
Calculate the remainder when 334 is divided by 46.
12
Calculate the remainder when 391 is divided by 55.
6
What is the remainder when 427 is divided by 101?
23
Calculate the remainder when 835 is divided by 278.
1
What is the remainder when 74 is divided by 23?
5
Calculate the remainder when 359 is divided by 124.
111
What is the remainder when 2651 is divided by 15?
11
What is the remainder when 808 is divided by 73?
5
Calculate the remainder when 741 is divided by 109.
87
Calculate the remainder when 47 is divided by 8.
7
What is the remainder when 243 is divided by 8?
3
Calculate the remainder when 2715 is divided by 32.
27
What is the remainder when 42 is divided by 22?
20
What is the remainder when 3759 is divided by 40?
39
What is the remainder when 214 is divided by 43?
42
What is the remainder when 23 is divided by 2?
1
What is the remainder when 2044 is divided by 254?
12
What is the remainder when 127 is divided by 43?
41
Calculate the remainder when 163 is divided by 76.
11
Calculate the remainder when 423 is divided by 68.
15
Calculate the remainder when 284 is divided by 32.
28
Calculate the remainder when 571 is divided by 560.
11
Calculate the remainder when 1299 is divided by 20.
19
What is the remainder when 335 is divided by 125?
85
Calculate the remainder when 172 is divided by 31.
17
Calculate the remainder when 3564 is divided by 47.
39
Calculate the remainder when 87 is divided by 5.
2
Calculate the remainder when 343 is divided by 86.
85
Calculate the remainder when 133 is divided by 50.
33
What is the remainder when 406 is divided by 83?
74
Calculate the remainder when 198 is divided by 143.
55
Calculate the remainder when 57 is divided by 6.
3
Calculate the remainder when 37 is divided by 17.
3
What is the remainder when 3418 is divided by 12?
10
Calculate the remainder when 27 is divided by 2.
1
Calculate the remainder when 126 is divided by 37.
15
What is the remainder when 3388 is divided by 53?
49
What is the remainder when 5386 is divided by 90?
76
Calculate the remainder when 89 is divided by 13.
11
What is the remainder when 2592 is divided by 2551?
41
Calculate the remainder when 63 is divided by 12.
3
Calculate the remainder when 228 is divided by 29.
25
What is the remainder when 258 is divided by 85?
3
What is the remainder when 7933 is divided by 69?
67
What is the remainder when 223 is divided by 86?
51
Calculate the remainder when 27 is divided by 3.
0
What is the remainder when 571 is divided by 9?
4
Calculate the remainder when 9 is divided by 9.
0
Calculate the remainder when 151 is divided by 13.
8
Calculate the remainder when 1956 is divided by 117.
84
What is the remainder when 13879 is divided by 20?
19
What is the remainder when 239 is divided by 16?
15
Calculate the remainder when 2882 is divided by 5.
2
Calculate the remainder when 515 is divided by 65.
60
Calculate the remainder when 104220 is divided by 21.
18
Calculate the remainder when 94 is divided by 45.
4
Calculate the remainder when 191 is divided by 24.
23
What is the remainder when 4155 is divided by 52?
47
Calculate the remainder when 3832 is divided by 18.
16
What is the remainder when 121 is divided by 22?
11
Calculate the remainder when 920 is divided by 13.
10
What is the remainder when 15962 is divided by 13?
11
What is the remainder when 348 is divided by 71?
64
What is the remainder when 694 is divided by 28?
22
Calculate the remainder when 102 is divided by 33.
3
What is the remainder when 1257 is divided by 42?
39
Calculate the remainder when 88 is divided by 76.
12
What is the remainder when 849 is divided by 71?
68
Calculate the remainder when 1281 is divided by 107.
104
Calculate the remainder when 460 is divided by 162.
136
Calculate the remainder when 857 is divided by 49.
24
What is the remainder when 89 is divided by 27?
8
Calculate the remainder when 17 is divided by 10.
7
Calculate the remainder when 572 is divided by 554.
18
Calculate the remainder when 8594 is divided by 71.
3
What is the remainder when 262 is divided by 6?
4
What is the remainder when 7 is divided by 4?
3
What is the remainder when 181 is divided by 52?
25
What is the remainder when 543 is divided by 139?
126
What is the remainder when 319 is divided by 151?
17
What is the remainder when 450 is divided by 122?
84
Calculate the remainder when 4900 is divided by 223.
217
What is the remainder when 270 is divided by 34?
32
What is the remainder when 886 is divided by 109?
14
What is the remainder when 47158 is divided by 12?
10
Calculate the remainder when 70 is divided by 37.
33
What is the remainder when 1392 is divided by 45?
42
Calculate the remainder when 227 is divided by 74.
5
What is the remainder when 29 is divided by 10?
9
Calculate the remainder when 2533 is divided by 320.
293
Calculate the remainder when 221 is divided by 28.
25
Calculate the remainder when 143 is divided by 16.
15
Calculate the remainder when 171 is divided by 41.
7
Calculate the remainder when 4667 is divided by 161.
159
Calculate the remainder when 2140 is divided by 44.
28
Calculate the remainder when 5711 is divided by 136.
135
Calculate the remainder when 513 is divided by 235.
43
Calculate the remainder when 917 is divided by 27.
26
Calculate the remainder when 6795 is divided by 7.
5
What is the remainder when 26 is divided by 2?
0
Calculate the remainder when 13883 is divided by 89.
88
Calculate the remainder when 61 is divided by 11.
6
Calculate the remainder when 462 is divided by 148.
18
Calculate the remainder when 107 is divided by 27.
26
Calculate the remainder when 122 is divided by 64.
58
What is the remainder when 152 is divided by 16?
8
What is the remainder when 1360 is divided by 449?
13
What is the remainder when 634 is divided by 207?
13
Calculate the remainder when 2455 is divided by 409.
1
Calculate the remainder when 983 is divided by 160.
23
Calculate the remainder when 